{"id":12804,"date":"2024-08-30T13:21:13","date_gmt":"2024-08-30T13:21:13","guid":{"rendered":"https:\/\/fladgatewines.com\/team\/jose-maria-machado\/"},"modified":"2025-01-17T14:15:55","modified_gmt":"2025-01-17T14:15:55","slug":"jose-maria-machado","status":"publish","type":"page","link":"https:\/\/fladgatefamilywines.com\/en\/our_team\/jose-maria-machado\/","title":{"rendered":"Jos\u00e9 Maria Machado"},"content":{"rendered":"\t\t<div data-elementor-type=\"wp-page\" data-elementor-id=\"12804\" class=\"elementor elementor-12804 elementor-10898\">\n\t\t\t\t<div class=\"elementor-element elementor-element-d28a473 e-flex e-con-boxed e-con e-parent\" data-id=\"d28a473\" data-element_type=\"container\">\n\t\t\t\t\t<div class=\"e-con-inner\">\n\t\t\t\t<div class=\"elementor-element elementor-element-b467ac1 elementor-widget elementor-widget-heading\" data-id=\"b467ac1\" data-element_type=\"widget\" data-widget_type=\"heading.default\">\n\t\t\t\t\t<h2 class=\"elementor-heading-title elementor-size-default\">Jos\u00e9 Maria Machado<\/h2>\t\t\t\t<\/div>\n\t\t\t\t<div class=\"elementor-element elementor-element-ee7612b elementor-widget elementor-widget-heading\" data-id=\"ee7612b\" data-element_type=\"widget\" data-widget_type=\"heading.default\">\n\t\t\t\t\t<h6 class=\"elementor-heading-title elementor-size-default\">Winemaker at Quinta da Pedra and Quinta de Bella<\/h6>\t\t\t\t<\/div>\n\t\t\t\t\t<\/div>\n\t\t\t\t<\/div>\n\t\t<div class=\"elementor-element elementor-element-fd90ab2 e-flex e-con-boxed e-con e-parent\" data-id=\"fd90ab2\" data-element_type=\"container\">\n\t\t\t\t\t<div class=\"e-con-inner\">\n\t\t<div class=\"elementor-element elementor-element-51d5c51 e-con-full e-flex e-con e-child\" data-id=\"51d5c51\" data-element_type=\"container\">\n\t\t\t\t<div class=\"elementor-element elementor-element-61fc8d2 elementor-widget elementor-widget-image\" data-id=\"61fc8d2\" data-element_type=\"widget\" data-widget_type=\"image.default\">\n\t\t\t\t\t\t\t\t\t\t\t\t\t\t\t<img fetchpriority=\"high\" decoding=\"async\" width=\"635\" height=\"1024\" src=\"https:\/\/fladgatefamilywines.com\/wp-content\/uploads\/2023\/02\/Jose-Maria-Machado-635x1024.jpg\" class=\"attachment-large size-large wp-image-10580\" alt=\"Jos\u00e9 Maria Machado\" srcset=\"https:\/\/fladgatefamilywines.com\/wp-content\/uploads\/2023\/02\/Jose-Maria-Machado-635x1024.jpg 635w, https:\/\/fladgatefamilywines.com\/wp-content\/uploads\/2023\/02\/Jose-Maria-Machado-600x968.jpg 600w, https:\/\/fladgatefamilywines.com\/wp-content\/uploads\/2023\/02\/Jose-Maria-Machado-186x300.jpg 186w, https:\/\/fladgatefamilywines.com\/wp-content\/uploads\/2023\/02\/Jose-Maria-Machado-768x1238.jpg 768w, https:\/\/fladgatefamilywines.com\/wp-content\/uploads\/2023\/02\/Jose-Maria-Machado.jpg 800w\" sizes=\"(max-width: 635px) 100vw, 635px\" \/>\t\t\t\t\t\t\t\t\t\t\t\t\t\t\t<\/div>\n\t\t\t\t<\/div>\n\t\t<div class=\"elementor-element elementor-element-b6f82c3 e-con-full e-flex e-con e-child\" data-id=\"b6f82c3\" data-element_type=\"container\">\n\t\t\t\t<div class=\"elementor-element elementor-element-60c3260 elementor-widget elementor-widget-text-editor\" data-id=\"60c3260\" data-element_type=\"widget\" data-widget_type=\"text-editor.default\">\n\t\t\t\t\t\t\t\t\t<p>With family roots in Vila Nova de Famali\u00e7\u00e3o in the Vinho Verde region, originally from a family of farmers. His education journey began at the Catholic University of Porto, studying Food Engineering in his last year he chose oenology. From Porto his next stop was Bordeaux completing several degrees in oenology. He returned to Portugal in 1990 beginning with harvest in Vinho Verde and Douro Valley. In the last thirty vintages he has worked in France, Spain, Chile, Australia. Jos\u00e9 Maria is the winemaker at Quinta da Pedra and Quinta de Bella since 2024.<\/p>\t\t\t\t\t\t\t\t<\/div>\n\t\t\t\t<\/div>\n\t\t\t\t\t<\/div>\n\t\t\t\t<\/div>\n\t\t<div class=\"elementor-element elementor-element-1b9ca8a e-flex e-con-boxed e-con e-parent\" data-id=\"1b9ca8a\" data-element_type=\"container\">\n\t\t\t\t\t<div class=\"e-con-inner\">\n\t\t<div class=\"elementor-element elementor-element-67c7fa1 e-con-full e-flex e-con e-child\" data-id=\"67c7fa1\" data-element_type=\"container\">\n\t\t\t\t<div class=\"elementor-element elementor-element-0fca163 elementor-widget elementor-widget-text-editor\" data-id=\"0fca163\" data-element_type=\"widget\" data-widget_type=\"text-editor.default\">\n\t\t\t\t\t\t\t\t\t<h6><a href=\"https:\/\/fladgatewines.com\/en\/our_team\">&lt; Back to the Team Page<\/a><\/h6>\t\t\t\t\t\t\t\t<\/div>\n\t\t\t\t<\/div>\n\t\t\t\t\t<\/div>\n\t\t\t\t<\/div>\n\t\t\t\t<\/div>\n\t\t","protected":false},"excerpt":{"rendered":"<p>Jos\u00e9 Maria Machado Winemaker at Quinta da Pedra and Quinta de Bella With family roots in Vila Nova de Famali\u00e7\u00e3o in the Vinho Verde region, originally from a family of farmers. His education journey began at the Catholic University of Porto, studying Food Engineering in his last year he chose oenology. From Porto his next [&hellip;]<\/p>\n","protected":false},"author":2,"featured_media":0,"parent":12785,"menu_order":0,"comment_status":"closed","ping_status":"closed","template":"","meta":{"_acf_changed":false,"footnotes":""},"class_list":["post-12804","page","type-page","status-publish","hentry"],"acf":[],"_links":{"self":[{"href":"https:\/\/fladgatefamilywines.com\/en\/wp-json\/wp\/v2\/pages\/12804","targetHints":{"allow":["GET"]}}],"collection":[{"href":"https:\/\/fladgatefamilywines.com\/en\/wp-json\/wp\/v2\/pages"}],"about":[{"href":"https:\/\/fladgatefamilywines.com\/en\/wp-json\/wp\/v2\/types\/page"}],"author":[{"embeddable":true,"href":"https:\/\/fladgatefamilywines.com\/en\/wp-json\/wp\/v2\/users\/2"}],"replies":[{"embeddable":true,"href":"https:\/\/fladgatefamilywines.com\/en\/wp-json\/wp\/v2\/comments?post=12804"}],"version-history":[{"count":0,"href":"https:\/\/fladgatefamilywines.com\/en\/wp-json\/wp\/v2\/pages\/12804\/revisions"}],"up":[{"embeddable":true,"href":"https:\/\/fladgatefamilywines.com\/en\/wp-json\/wp\/v2\/pages\/12785"}],"wp:attachment":[{"href":"https:\/\/fladgatefamilywines.com\/en\/wp-json\/wp\/v2\/media?parent=12804"}],"curies":[{"name":"wp","href":"https:\/\/api.w.org\/{rel}","templated":true}]}}

José Maria Machado

<div data-elementor-type="wp-page" data-elementor-id="12804" class="elementor elementor-12804 elementor-10898">
				<div class="elementor-element elementor-element-d28a473 e-flex e-con-boxed e-con e-parent" data-id="d28a473" data-element_type="container">
					<div class="e-con-inner">
				<div class="elementor-element elementor-element-b467ac1 elementor-widget elementor-widget-heading" data-id="b467ac1" data-element_type="widget" data-widget_type="heading.default">
					<h2 class="elementor-heading-title elementor-size-default">José Maria Machado</h2>				</div>
				<div class="elementor-element elementor-element-ee7612b elementor-widget elementor-widget-heading" data-id="ee7612b" data-element_type="widget" data-widget_type="heading.default">
					<h6 class="elementor-heading-title elementor-size-default">Winemaker at Quinta da Pedra and Quinta de Bella</h6>				</div>
					</div>
				</div>
		<div class="elementor-element elementor-element-fd90ab2 e-flex e-con-boxed e-con e-parent" data-id="fd90ab2" data-element_type="container">
					<div class="e-con-inner">
		<div class="elementor-element elementor-element-51d5c51 e-con-full e-flex e-con e-child" data-id="51d5c51" data-element_type="container">
				<div class="elementor-element elementor-element-61fc8d2 elementor-widget elementor-widget-image" data-id="61fc8d2" data-element_type="widget" data-widget_type="image.default">
															<img fetchpriority="high" decoding="async" width="635" height="1024" src="https://fladgatefamilywines.com/wp-content/uploads/2023/02/Jose-Maria-Machado-635x1024.jpg" class="attachment-large size-large wp-image-10580" alt="José Maria Machado" srcset="https://fladgatefamilywines.com/wp-content/uploads/2023/02/Jose-Maria-Machado-635x1024.jpg 635w, https://fladgatefamilywines.com/wp-content/uploads/2023/02/Jose-Maria-Machado-600x968.jpg 600w, https://fladgatefamilywines.com/wp-content/uploads/2023/02/Jose-Maria-Machado-186x300.jpg 186w, https://fladgatefamilywines.com/wp-content/uploads/2023/02/Jose-Maria-Machado-768x1238.jpg 768w, https://fladgatefamilywines.com/wp-content/uploads/2023/02/Jose-Maria-Machado.jpg 800w" sizes="(max-width: 635px) 100vw, 635px" />															</div>
				</div>
		<div class="elementor-element elementor-element-b6f82c3 e-con-full e-flex e-con e-child" data-id="b6f82c3" data-element_type="container">
				<div class="elementor-element elementor-element-60c3260 elementor-widget elementor-widget-text-editor" data-id="60c3260" data-element_type="widget" data-widget_type="text-editor.default">
									<p>With family roots in Vila Nova de Famalição in the Vinho Verde region, originally from a family of farmers. His education journey began at the Catholic University of Porto, studying Food Engineering in his last year he chose oenology. From Porto his next stop was Bordeaux completing several degrees in oenology. He returned to Portugal in 1990 beginning with harvest in Vinho Verde and Douro Valley. In the last thirty vintages he has worked in France, Spain, Chile, Australia. José Maria is the winemaker at Quinta da Pedra and Quinta de Bella since 2024.</p>								</div>
				</div>
					</div>
				</div>
		<div class="elementor-element elementor-element-1b9ca8a e-flex e-con-boxed e-con e-parent" data-id="1b9ca8a" data-element_type="container">
					<div class="e-con-inner">
		<div class="elementor-element elementor-element-67c7fa1 e-con-full e-flex e-con e-child" data-id="67c7fa1" data-element_type="container">
				<div class="elementor-element elementor-element-0fca163 elementor-widget elementor-widget-text-editor" data-id="0fca163" data-element_type="widget" data-widget_type="text-editor.default">
									<h6><a href="https://fladgatewines.com/en/our_team">&lt; Back to the Team Page</a></h6>								</div>
				</div>
					</div>
				</div>
				</div>

<p>José Maria Machado Winemaker at Quinta da Pedra and Quinta de Bella With family roots in Vila Nova de Famalição in the Vinho Verde region, originally from a family of farmers. His education journey began at the Catholic University of Porto, studying Food Engineering in his last year he chose oenology. From Porto his next [&hellip;]</p>
